751527?
False
Does 23 divide 34520?
False
Is 2295465 a multiple of 91?
False
Does 128 divide 38488?
False
Does 652 divide 177996?
True
Is 37 a factor of 1850851?
True
Is 253 a factor of 19657937?
False
Is 171604 a multiple of 95?
False
Does 3 divide 519172?
False
Is 11 a factor of 165143?
True
Is 368 a factor of 44533?
False
Is 111946 a multiple of 251?
True
Is 4 a factor of 540282?
False
Is 24 a factor of 192000?
True
Is 318341 a multiple of 138?
False
Is 54 a factor of 9941?
False
Is 5 a factor of 312817?
False
Is 24 a factor of 3442348?
False
Is 326 a factor of 9988640?
True
Is 34335 a multiple of 63?
True
Is 303996 a multiple of 22?
True
Is 7 a factor of 15701?
True
Is 277 a factor of 1135903?
False
Is 70 a factor of 6727000?
True
Does 269 divide 138985?
False
Is 74038 a multiple of 23?
False
Does 222 divide 20164122?
False
Is 2201224 a multiple of 7?
False
Is 20 a factor of 268712?
False
Is 52 a factor of 2808?
True
Does 114 divide 254106?
True
Is 369 a factor of 6594925?
False
Does 14 divide 43860?
False
Is 283 a factor of 23772?
True
Is 4 a factor of 1645?
False
Does 12 divide 13274040?
True
Is 7 a factor of 53760?
True
Is 12 a factor of 459828?
True
Is 11 a factor of 2382599?
False
Is 525654 a multiple of 15?
False
Is 1247988 a multiple of 6?
True
Is 235309 a multiple of 9?
False
Is 34 a factor of 1587162?
False
Is 282 a factor of 56118?
True
Does 644 divide 789257?
False
Does 13 divide 1629758?
True
Does 228 divide 2125644?
True
Is 12 a factor of 568519?
False
Is 109756 a multiple of 4?
True
Does 564 divide 2915597?
False
Does 26 divide 20936?
False
Is 618768 a multiple of 149?
False
Is 8 a factor of 109597?
False
Does 6 divide 738507?
False
Does 43 divide 168560?
True
Does 287 divide 659239?
True
Is 6454789 a multiple of 380?
False
Is 38 a factor of 66728?
True
Does 52 divide 126048?
True
Is 20 a factor of 37273?
False
Is 1544389 a multiple of 31?
True
Does 247 divide 1248091?
True
Does 5 divide 162715?
True
Does 70 divide 214830?
True
Is 426436 a multiple of 236?
False
Is 44 a factor of 172192?
False
Is 324 a factor of 13703256?
True
Is 5 a factor of 371116?
False
Is 549 a factor of 318003?
False
Does 13 divide 184626?
True
Is 35 a factor of 65555?
True
Is 189983 a multiple of 6?
False
Is 578 a factor of 181492?
True
Is 97 a factor of 100337?
False
Is 43 a factor of 281625?
False
Is 77148 a multiple of 14?
False
Is 18082003 a multiple of 1911?
False
Is 175614 a multiple of 6?
True
Is 91540 a multiple of 92?
True
Is 6766082 a multiple of 31?
False
Does 2018 divide 22367494?
False
Does 34 divide 3038367?
False
Is 451 a factor of 1210519?
False
Does 169 divide 574085?
False
Is 178266 a multiple of 83?
False
Does 109 divide 2544060?
True
Does 210 divide 329700?
True
Is 138 a factor of 3200623?
False
Does 161 divide 340193?
True
Is 153 a factor of 905760?
True
Is 43 a factor of 4562?
False
Is 7 a factor of 21253?
False
Is 882939 a multiple of 31?
False
Is 15 a factor of 288662?
False
Is 1199 a factor of 1272893?
False
Is 6434835 a multiple of 177?
True
Does 30 divide 729510?
True
Does 296 divide 1164266?
False
Is 4793197 a multiple of 199?
False
Is 13 a factor of 243241?
False
Is 26 a factor of 360646?
True
Is 3955273 a multiple of 280?
False
Is 53 a factor of 10521?
False
Is 2766959 a multiple of 282?
False
Is 100 a factor of 1488100?
True
Is 9 a factor of 1172304?
True
Is 9838294 a multiple of 35?
False
Is 4 a factor of 18137?
False
Is 512169 a multiple of 7?
True
Is 129 a factor of 487749?
True
Is 21800 a multiple of 100?
True
Does 32 divide 327232?
True
Is 11 a factor of 475470?
False
Is 16 a factor of 112837?
False
Is 488075 a multiple of 5?
True
Does 12 divide 13398?
False
Is 21 a factor of 131691?
True
Is 120 a factor of 5479?
False
Is 63 a factor of 4579911?
True
Does 45 divide 22430?
False
Is 217 a factor of 12162762?
False
Does 61 divide 169641?
True
Does 25 divide 435400?
True
Is 23726 a multiple of 18?
False
Is 493 a factor of 1687539?
True
Is 2627065 a multiple of 359?
False
Does 20 divide 1395436?
False
Does 658 divide 1496292?
True
Does 545 divide 13686585?
True
Is 3313351 a multiple of 6?
False
Does 15 divide 26520?
True
Is 10 a factor of 1624200?
True
Does 1578 divide 7115202?
True
Is 7733 a multiple of 16?
False
Is 518556 a multiple of 65?
False
Is 184680 a multiple of 190?
True
Is 38 a factor of 3177473?
False
Does 127 divide 110864?
False
Is 14 a factor of 730786?
True
Is 75791 a multiple of 3?
False
Is 416563 a multiple of 37?
False
Does 53 divide 1497244?
False
Is 360 a factor of 912240?
True
Is 206 a factor of 401906?
True
Does 15 divide 457704?
False
Is 1726 a factor of 15139729?
False
Does 9 divide 1525841?
False
Does 9 divide 4662463?
False
Is 622 a factor of 238848?
True
Is 46 a factor of 13445892?
True
Is 38 a factor of 7714?
True
Is 231896 a multiple of 8?
True
Is 1563993 a multiple of 79?
False
Does 2 divide 1445906?
True
Does 16 divide 1752261?
False
Is 382659 a multiple of 14?
False
Is 145 a factor of 814254?
False
Is 53404 a multiple of 52?
True
Is 8 a factor of 132879?
False
Is 257 a factor of 113588?
False
Is 1739660 a multiple of 20?
True
Is 954 a factor of 10263564?
False
Does 19 divide 705698?
True
Is 316 a factor of 4758415?
False
Is 13678 a multiple of 12?
False
Does 29 divide 120234?
True
Does 426 divide 41516?
False
Does 50 divide 37400?
True
Is 219434 a multiple of 16?
False
Does 119 divide 72989?
False
Does 15 divide 73740?
True
Does 4 divide 46892?
True
Is 471042 a multiple of 122?
True
Is 7 a factor of 159213?
False
Is 338640 a multiple of 120?
True
Is 98974 a multiple of 41?
True
Is 32 a factor of 2541183?
False
Does 434 divide 148428?
True
Is 32 a factor of 869223?
False
Is 6572940 a multiple of 110?
True
Is 6824610 a multiple of 938?
False
Is 88 a factor of 123992?
True
Does 7 divide 220402?
True
Is 28758 a multiple of 6?
True
Is 37 a factor of 460058?
True
Is 22 a factor of 9435865?
False
Is 1309284 a multiple of 137?
False
Is 131 a factor of 1050620?
True
Is 92809 a multiple of 13?
False
Is 5498688 a multiple of 156?
True
Is 2 a factor of 15871?
False
Is 262 a factor of 3988492?
False
Is 14 a factor of 10775?
False
Does 7 divide 93236?
False
Is 388 a factor of 3603356?
True
Does 563 divide 4325588?
False
Does 81 divide 214083?
True
Is 1205179 a multiple of 211?
False
Is 9 a factor of 2392281?
True
Is 8565568 a multiple of 16?
True
Is 6485502 a multiple of 29?
True
Is 68773 a multiple of 17?
False
Is 2400152 a multiple of 8?
True
Does 15 divide 8610?
True
Is 4092353 a multiple of 42?
False
Does 10 divide 27659?
False
Does 1115 divide 5296250?
True
Is 19698 a multiple of 18?
False
Is 52 a factor of 1296410?
False
Does 274 divide 2478330?
True
Is 553377 a multiple of 46?
False
Is 1302 a factor of 4153069?
False
Is 751951 a multiple of 238?
False
Is 2257144 a multiple of 1189?
False
Does 62 divide 187240?
True
Does 227 divide 91935?
True
Is 317850 a multiple of 390?
True
Is 292 a factor of 5224172?
True
Is 201376 a multiple of 161?
False
Is 4103232 a multiple of 84?
True
Is 484794 a multiple of 138?
True
Is 1380699 a multiple of 276?
False
Is 2213127 a multiple of 21?
True
Is 2032162 a multiple of 11?
True
Is 1582 a factor of 3767251?
False
Does 51 divide 2567461?
False
Is 12403 a multiple of 3?
False
Is 78 a factor of 98124?
True
Is 29 a factor of 191658?
False
Is 1210446 a multiple of 14?
False
Is 27183 even?
False
Is 813756 a multiple of 68?
True
Is 38 a factor of 492500?
False
Is 1175730 a multiple of 93?
False
Does 54 divide 1322049?
False
Is 10691319 a multiple of 734?
False
Does 45 divide 2228788?
False
Is 244112 a multiple of 209?
True
Is 7 a factor of 498645?
True
Is 11724279 a multiple of 28?
False
Is 1460648 a multiple of 14?
True
Does 757 divide 5339878?
True
Does 499 divide 1303388?
True
Is 444342 a multiple of 96?
False
Is 33 a factor of 114675?
True
Is 3597112 a multiple of 498?
False
Does 5 divide 348955?
True
Does 32 divide 455616?
True
Is 881 a factor of 4223514?
True
Is 43 a factor of 72842?
True
Is 161566 a multiple of 24?
False
Does 125 divide 308210?
False
Does 664 divide 1105829?
False
Is 3 a factor of 21480?
True
Does 23 divide 7467096?
False
Is 1432145 a multiple of 340?
False
Is 372195 a multiple of 17?
False
Is 29001 a multiple of 27?
False
Is 90860 a multiple